0 - 100?
-10100111011000011000
In base 13, what is -289c + -15?
-28b4
In base 13, what is 13 + 46?
59
In base 9, what is -1561247 - -2?
-1561245
In base 2, what is -1100 - 10001010100?
-10001100000
In base 3, what is 20221101 + -220?
20220111
In base 3, what is -102 - -1020012?
1012210
In base 16, what is 2e3 - 4b?
298
In base 14, what is 408d + 0?
408d
In base 13, what is -57b - 48?
-5c6
In base 9, what is -22 + 1112?
1080
In base 12, what is -56422a - -2?
-564228
In base 16, what is d + 31?
3e
In base 2, what is -10000100101011 - 101?
-10000100110000
In base 2, what is 111011101 + -1100101?
101111000
In base 8, what is 207 - 16403?
-16174
In base 16, what is 1 + 4e75?
4e76
In base 16, what is 1 + -dfbe?
-dfbd
In base 2, what is -1010 + -100010011001110?
-100010011011000
In base 10, what is 1 - -874?
875
In base 14, what is 9945c + 3?
99461
In base 3, what is -1022 + 1120221?
1112122
In base 5, what is 1030041 + 21?
1030112
In base 6, what is -41 - 532341?
-532422
In base 11, what is -149 + 14a?
1
In base 16, what is 1d6 + -12a?
ac
In base 13, what is -21cc - 30?
-222c
In base 5, what is -420 + -133110?
-134030
In base 12, what is 16 + 35b?
375
In base 8, what is 13 + 47461?
47474
In base 16, what is 96 - 69?
2d
In base 10, what is 55 + 714?
769
In base 7, what is -11 + -1264?
-1305
In base 3, what is 1 + -220021022?
-220021021
In base 9, what is -542 - -675?
133
In base 5, what is 102 - 101323?
-101221
In base 11, what is -3 + a110?
a108
In base 4, what is -12 + -2132103?
-2132121
In base 10, what is -13 + -6332?
-6345
In base 13, what is -1b3a + 1?
-1b39
In base 13, what is 26 - 29a?
-274
In base 11, what is 19353 - -1?
19354
In base 11, what is -54 + 307?
263
In base 14, what is 11 - 13704?
-136d3
In base 3, what is -201 + -10121120?
-10122021
In base 11, what is 677 + 24?
6a0
In base 13, what is -b3749 - b?
-b3757
In base 16, what is 29cf9 - 14?
29ce5
In base 5, what is -143341310 + 1?
-143341304
In base 3, what is -2102222222020 + 10?
-2102222222010
In base 14, what is -1635 + -5c?
-1693
In base 4, what is -12301230 + -101?
-12301331
In base 2, what is 1 - 1011011100110000?
-1011011100101111
In base 4, what is -122020 + 1231?
-120123
In base 4, what is -10 - -1322303?
1322233
In base 7, what is -51 + 1013?
632
In base 13, what is -5 - 9375?
-937a
In base 5, what is 24031 + 311?
24342
In base 3, what is 2102011 + -122?
2101112
In base 4, what is 223 + 1232200?
1233023
In base 15, what is -43ce + -4?
-43d3
In base 4, what is 102 - 121111222?
-121111120
In base 9, what is 541880 + -3?
541876
In base 14, what is -1228b - 0?
-1228b
In base 9, what is -40 - -10161?
10121
In base 11, what is 1 - -12346?
12347
In base 15, what is -2 + -32089?
-3208b
In base 16, what is -128 - 34?
-15c
In base 12, what is -175 + -72?
-227
In base 16, what is 18f98 + 2?
18f9a
In base 6, what is 215 + 4332?
4551
In base 10, what is 4375 - -83?
4458
In base 7, what is 124 - -46462?
46616
In base 15, what is 6 + -5bd1?
-5bca
In base 3, what is 2122 + 10220?
20112
In base 3, what is 20202222 - -10?
20210002
In base 7, what is 10 - 5654?
-5644
In base 11, what is 13077 - -4?
13080
In base 10, what is 85 + -42?
43
In base 7, what is -450 - 41?
-521
In base 9, what is 2511 - -32?
2543
In base 2, what is -11101011111100001001 - 11?
-11101011111100001100
In base 4, what is -1032 - -1311220?
1310122
In base 10, what is 8 + 1591?
1599
In base 15, what is e6 + -3a8?
-2b2
In base 15, what is 4 + 45064?
45068
In base 7, what is 6130404 + -2?
6130402
In base 12, what is -25591 + 3?
-2558a
In base 7, what is -10 + 20306?
20266
In base 7, what is -323054 - -106?
-322645
In base 8, what is -165 - -112?
-53
In base 11, what is -133 + -507?
-63a
In base 13, what is 3 + -21830?
-2182a
In base 14, what is -149 - -5d?
-ca
In base 14, what is a - 55b9?
-55ad
In base 5, what is -13233 - -31?
-13202
In base 10, what is 39 + 896?
935
In base 10, what is 28 - -399?
427
In base 5, what is -301 + 2120310?
2120004
In base 15, what is 20 + 15a?
17a
In base 13, what is 140 + 94?
204
In base 16, what is -1 + 62c5?
62c4
In base 12, what is 1325 + 783?
1aa8
In base 10, what is -5 - 450913?
-450918
In base 14, what is 1a + 363?
37d
In base 7, what is 43 - 264151?
-264105
In base 15, what is -a31 + -12?
-a43
In base 13, what is -1c - -247?
228
In base 7, what is -15350260 - -5?
-15350252
In base 12, what is -4 + -a469a?
-a46a2
In base 14, what is -14d6 + -18?
-1510
In base 2, what is 1110111 + -1001010001110?
-1001000010111
In base 12, what is -ba35 + -1?
-ba36
In base 4, what is 11203132 - -3?
11203201
In base 4, what is 30220 - 13021?
11133
In base 12, what is -1571 + 4?
-1569
In base 16, what is 13 - 141f4?
-141e1
In base 13, what is b6ba + -5?
b6b5
In base 4, what is -110 - 13030002?
-13030112
In base 10, what is -739 - -9640?
8901
In base 5, what is -330040 + 4?
-330031
In base 9, what is 4884 + 7?
5002
In base 11, what is -12770 - 3?
-12773
In base 6, what is 102 - -2220?
2322
In base 13, what is 999 + -102?
897
In base 10, what is 13857 + 3?
13860
In base 10, what is -450 - -45?
-405
In base 16, what is -3 - -26310?
2630d
In base 13, what is 5943 + 4?
5947
In base 5, what is 103 + -2222432?
-2222324
In base 4, what is -1110300 - -130?
-1110110
In base 3, what is -12 - 1210221012?
-1210221101
In base 14, what is 2669 + -1b8?
2491
In base 3, what is 102000 + 2?
102002
In base 10, what is 198 + 56?
254
In base 15, what is -159 + -142?
-29b
In base 5, what is 4033 - 34?
3444
In base 2, what is 10110111100 + 1111111011?
100110110111
In base 7, what is -3 - -1305065?
1305062
In base 5, what is -434221 + -30?
-434301
In base 4, what is 10 - 2313223?
-2313213
In base 7, what is 10 - -625531?
625541
In base 4, what is -1 - 3103132?
-3103133
In base 13, what is -12c - 2875?
-29a4
In base 3, what is 11112010 + 2010?
11121020
In base 10, what is -193 - -211?
18
In base 8, what is 101501 + 1?
101502
In base 14, what is -1a4b - 7?
-1a54
In base 8, what is -1654 + 24?
-1630
In base 7, what is 5156 + 55?
5244
In base 9, what is 116364 + -2?
116362
In base 14, what is -1c16 + -27?
-1c3d
In base 11, what is -5a10 - -10?
-5a00
In base 8, what is 454203 + -1?
454202
In base 6, what is -53504544 - -3?
-53504541
In base 15, what is 4 - -216ec2?
216ec6
In base 2, what is 1011100011 - -11111000?
1111011011
In base 5, what is -110 + -102434?
-103044
In base 11, what is -1 - 94623?
-94624
In base 6, what is 3210 + 204?
3414
In base 4, what is -1 + 230201?
230200
In base 12, what is a0 - 76?
26
In base 7, what is -3425 - -62?
-3333
In base 9, what is 105 + 848?
1054
In base 4, what is 23100 - -111033?
200133
In base 11, what is -26a25 + 47?
-26989
In base 6, what is -13034 + 341?
-12253
In base 4, what is -11 - -120300?
120223
In base 13, what is -9 - 29c?
-2a8
In base 11, what is -30933 - -27?
-30907
In base 8, what is 2 + -105124?
-105122
In base 9, what is -3 + -2615?
-2618
In base 6, what is 10542 - 1204?
5334
In base 9, what is 41727 - -1?
41728
In base 3, what is 2111202 + 212211?
10101120
In base 7, what is -224353 - -4?
-224346
In base 8, what is 37427 + -44?
37363
In base 7, what is 101415 - 53?
101332
In base 14, what is 24524 + -3?
24521
In base 13, what is -58cc8 - -1?
-58cc7
In base 15, what is 4 - 421c?
-4218
In base 10, what is 60 - -3830?
3890
In base 8, what is 3313416 - 1?
3313415
In base 10, what is 0 - 11359?
-11359
In base 12, what is 1 - -8925?
8926
In base 15, what is 4 - -2378?
237c
In base 15, what is 4 - -6b0b3?
6b0b7
In base 16, what is -467b + -e2?
-475d
In base 7, what is 1630424 - 1?
1630423
In base 12, what is 10 - 5594?
-5584
In base 11, what is -3169 + 343?
-2926
In base 9, what is 14217 + -37?
14170
In base 5, what is -404033443 + 2?
-404033441
In base 4, what is -330311213 + -1?
-330311220
In base 10, what is 44 + -11449?
-11405
In base 16, what is -1 - 13ad?
-13ae
In base 14, what is 7144b - -4?
71451
In base 10, what is 4 - 651517?
-651513
In base 8, what is -13 + -200456?
-200471
In base 3, what is 12 + 1001101112010?
1001101112022
In base 2, what is 1011100001111 + 11010?
1011100101001
In base 9, what is -2402 + -15?
-2417
In base 14, what is 5b79 - 2b?
5b4c
In base 4, what is -33 - 12213121?
-12213220
In base 16, what is 0 + 1ca0?
1ca0
In base 2, what is 101 - -1001101110100?
